*o. Determine j(t).
-4
Let r(h) = -9 + 4*h + 368*h**2 - 759*h**2 - h + 392*h**2. Determine r(-4).
-5
Let r(b) = -15*b**3 + 18*b**2 - 37*b - 23. Let g(f) = -7*f**3 + 9*f**2 - 18*f - 12. Let o(a) = 13*g(a) - 6*r(a). Let s be o(7). Let n(c) = c + 12. What is n(s)?
8
Let z(l) = -2*l**3 - 10*l**2 + 18. Let g(c) = 3*c**3 + 12*c**2 - 2*c - 18. Let o(r) = -3*g(r) - 4*z(r). Give o(4).
6
Let c(o) = -4*o**3 + o**2 - o - 1. Let l(i) = -i**3 - 3*i**2 - 8*i + 23. Let v be l(-6). Let u = v + -180. Calculate c(u).
5
Let m(l) = l**3 + 7*l**2 + l - 4. Let k(y) = y**3. Let i(f) = -2*k(f) + m(f). Suppose -2255*p = -2285*p + 210. Give i(p).
3
Suppose 16*x - 30 = 2. Let u(i) be the first derivative of 2*i**2 - 4 - 3*i - 4/3*i**3. Determine u(x).
-11
Let k be 5*-1*(6 + -7). Let g(s) = -5*s + 2 - 4 + 7 + 0*s. Let h(f) = -10*f + 11. Let a(y) = k*g(y) - 2*h(y). Calculate a(-3).
18
Let s(v) be the second derivative of v**4/3 + v**3/3 - 5*v**2/2 + 58*v + 67. Give s(-4).
51
Let j(b) be the second derivative of b**4/12 - 5*b**3/6 - b**2 + 10678*b. Let a(p) = 3*p - 6. Let d be a(4). Determine j(d).
4
Let y be 12 - 9 - 2/2. Suppose 0 = -10*a - 7*a + 153. Suppose a*x + 7 = y*x. Let j(k) = 11*k**3 + k**2 + k. Give j(x).
-11
Let n = 366 + -369. Let m(d) = 4 + 2*d**2 - 4 + d**3 + 1 - d. Let r be m(n). Let p(k) = -k**3 - 4*k**2 + k - 1. Calculate p(r).
19
Let a(p) = 5*p - 2. Suppose 0 = 4*x - 3*h - 740, 0 = -4*x - 4*h + 740 - 0. Let y = 182 - x. Determine a(y).
-17
Suppose -147 = -51*u + 8*u - 6*u. Let j(n) = -5*n - 9. Let f(y) = -6*y - 10. Let t(o) = -6*f(o) + 7*j(o). Determine t(u).
0
Suppose 131*j + 67*j - 138 - 456 = 0. Let a(b) be the first derivative of -10 + 8*b + 7/2*b**2 + 1/3*b**j. Give a(-6).
2
Let z(w) = 17*w + w**2 - 13*w - 3*w - 4. Let r = -215 + 212. What is z(r)?
2
Let m(v) be the third derivative of 0 + 1/20*v**5 - 1/24*v**4 + 1/360*v**6 + 0*v + 4*v**2 - 3*v**3. Let z(t) be the first derivative of m(t). Calculate z(-5).
-6
Suppose 21 = h - 59. Suppose 8*b + h = 368. Let v be -5*(b/15)/6. Let u(l) = -l**2 + 3*l + 2. What is u(v)?
-8
Let p(z) = -3*z - 3. Let g = 146 + -416. Let x = g - -272. Calculate p(x).
-9
Let p(f) = 16*f**3 - f + 4*f**3 - 2 + 3594*f**2 - 3594*f**2. Calculate p(-1).
-21
Suppose 0 = 5*f + 5*t - 10, -3*t = -2*f - 0 + 4. Let w(y) = 5*y - 6 - 17*y**f + 4*y**2 + 12*y**2. Determine w(4).
-2
Suppose -757 = 9*p + 188. Let w = p - -102. Let t(s) = 1. Let i(b) = b**2 + 2*b - 6. Let f(x) = i(x) + 4*t(x). Calculate f(w).
1
Let i(o) = 3*o**3 - 4*o**2 + 2*o + 2. Let s(d) = -2*d**3 - d + 1. Let r(g) = i(g) + 2*s(g). Let p be (19 - (-12)/(-4)) + 1. Let f = 13 - p. Give r(f).
4
Let w(g) be the second derivative of 17*g**3/6 - 15*g**2/2 - g + 1079. Give w(-6).
-117
Let d(c) = -c + 1. Let f(k) = -21*k**2 - 3*k. Suppose 228 = 37*t - 41*t. Let l = 58 + t. Let u(b) = l*f(b) - d(b). What is u(-1)?
-20
Suppose -56 - 21 = -11*h. Suppose -4*m = -3*n - 28, -2*n - h - 1 = 0. Let l(a) = a**2 - 3. What is l(m)?
13
Let g(u) be the third derivative of u**5/60 - 7*u**4/24 - 5*u**3/6 + 472*u**2. Let d be 7/((-21)/12)*-1. Determine g(d).
-17
Let q(o) = -o**2 + 4*o + 3. Let l(x) = x - 10. Let d be l(10). Suppose -4 = -2*u - d. Suppose u*r + 7 = 4*r + t, -8 = -r + t. What is q(r)?
-2
Let z(m) = -m - 5. Suppose -5*r + 10*q = 7*q + 2166, -5*r - 2*q = 2181. Let x = -435 - r. Determine z(x).
-5
Let b(w) = -w**2 - 16*w - 58. Let o = 23928 - 23940. What is b(o)?
-10
Let s(b) be the second derivative of -2 + 2/3*b**3 - 11*b**2 + 131*b. Calculate s(6).
2
Suppose -22*a + 246 + 436 = 0. Let m(i) = i**3 + 4 - 3 + 19*i**2 + 7 + a*i - 20*i - 6*i**2. Give m(-12).
20
Let l(u) = -u**2 + 2*u - 2. Let i = 756 + -732. Let g be 33*2/6*2. Let t = i - g. Determine l(t).
-2
Let z be -3*(-1 - -3)/2. Let y(p) be the first derivative of -p**4/4 - p**3/6 + 31*p**2/2 + 74. Let w(s) be the second derivative of y(s). Determine w(z).
17
Let z(h) = -2*h + 2. Let y(l) = -10*l - 3. Let o(b) = -y(b) + 2*z(b). Calculate o(-6).
-29
Suppose -2*q + 13*q - 33 = 0. Let w(l) be the third derivative of -5*l - 1/3*l**3 + 0 - 1/30*l**5 - 6*l**2 + 1/12*l**4. Give w(q).
-14
Let q be (2 + 6/4)*(-80)/(-140). Let v(n) = 76*n - 86*n - 2*n**q + 142 - 144. Determine v(-7).
-30
Suppose 15*q - 247 = 2*q. Suppose -q*g + 12*g = -21. Suppose 3*y = -3*n + 15, -5*y + 7 = g*n - 2. Let k(h) = -h**2 + 11*h - 5. Give k(n).
19
Suppose 5*s - 30 = 5*k, -16 = -k - 2*s - 7. Let q(x) = 13*x**2 + 8*x + 8. Let m(o) = -4*o**2 - o - 2. Let t(f) = k*q(f) - 3*m(f). Give t(-6).
-8
Let b(a) be the third derivative of -a**5/60 - 3*a**4/4 - a**3/6 + 705*a**2 - 2*a + 15. Let u(n) = -5*n**2 - 2*n - 2. Let s be u(-2). What is b(s)?
-1
Let n = -13 - -13. Suppose n = q - 7*q. Let c(k) = -176*k + 177*k + 2 + q. Determine c(6).
8
Let v(y) = 16151*y**2 - 2*y**3 - 16149*y**2 + y + 3*y**3. Suppose -4*x = p + p + 4, 0 = -x. Determine v(p).
-2
Let x(v) = -411 + 23*v**3 - 25*v**3 - 7*v**2 + 7*v - 2*v + 401. Determine x(3).
-112
Let v(u) be the first derivative of 10*u**2 - 144*u - 2619. What is v(8)?
16
Let x(f) = 15 - 13 - f - 6. Let t be x(-4). Let z(w) = w - 3 + 5 - 3 + t. Calculate z(-3).
-4
Suppose -368 - 30 = -o. Let y = -403 + o. Let c(t) = t**2 + 4. Give c(y).
29
Suppose -13*v + 72 = 11*v. Let j(t) = -t**3 - 8*t**2 - 8*t - 5. Let b be j(-7). Suppose 9 = -a + z, z + b - 19 = v*a. Let q(f) = -f - 7. Determine q(a).
-3
Suppose -33 = 3*p + 3*x, -p = -2*x - 5 + 1. Let f be (-339)/(-60)*4 + p/10. Let o(w) = 4*w + 0*w**2 + w**2 - f + 23 + w. What is o(-2)?
-5
Suppose 12*g = 7*g. Suppose 5*j + 7 - 17 = g. Let q(w) = -8*w - 2 - w**j - 10*w + 23*w. Calculate q(4).
2
Suppose 2*j = -3*d - 0 + 20, d + 2*j = 12. Let i(h) = -h. Let q(z) = z**2 + 2*z. Let o(c) = -6*i(c) - q(c). Give o(d).
0
Let d(u) = -20*u - 21. Let t(a) = -11*a - 10. Let c = -105 + 113. Let j = c - 14. Let b(i) = j*d(i) + 11*t(i). Give b(8).
8
Let q be (-4)/8 - 13/2. Let b(t) = -11*t**2 + 21*t - 11. Let k(m) = 14*m - 5 + 2*m - 7*m - 5*m**2 + m. Let n(s) = q*k(s) + 3*b(s). What is n(5)?
17
Suppose -i - 5*u + 25 = 0, 219*i - 31 = 216*i - 4*u. Let q(j) = -18*j + 68. Determine q(i).
-22
Let j = 115 - 80. Suppose 2*l - 7*l - j = 0. Let f(k) = -17*k**2 - 4*k. Let u(p) = 30*p**2 + 9*p - 1. Let m(y) = 7*f(y) + 4*u(y). Determine m(l).
-11
Let p(w) = -10*w + 1004. Let k be p(97). Let r(j) = j**3 - 35*j**2 + 40*j - 206. Determine r(k).
-2
Let m(q) = 2*q + 8. Let y be 210/4 - (-2 - (-2)/4). Suppose p + 16 = y. Let x = -44 + p. What is m(x)?
-4
Let d(k) be the first derivative of k**3/3 - 7*k + 2. Let i(g) = -3*g**2 - 29*g + 48. Let h be i(-11). Suppose -3*a - h*a + 8*a = 0. Give d(a).
-7
Suppose 4*t + 462 = 46*t. Let f(c) = -c**3 + 9*c**2 + 25*c - 27. What is f(t)?
6
Let c(r) = 287 - 2*r**2 + 281 - 11*r - 849 - 7*r + 282. Calculate c(-9).
1
Let f(z) = -5*z**2 + z + 3. Let g(a) = a**2 - a. Let j(u) = -4 + 1 + 11*u - 10*u. Let t be j(4). Let p(v) = t*f(v) + 6*g(v). Calculate p(3).
-3
Let v(s) be the first derivative of s**6/360 + s**5/10 + 5*s**4/8 - s**3/3 - 49*s - 160. Let o(j) be the third derivative of v(j). Calculate o(-10).
-5
Suppose 0 = 3*f - 8*f + 4*f. Suppose 23*t - 18*t - 25 = f. Let s(q) = 2*q - 2*q + 4*q + t - 5*q. Give s(6).
-1
Let x(o) = -19*o**2 + 113*o - 35. Let j(f) = -5*f**2 + 27*f - 8. Let p(a) = -17*j(a) + 4*x(a). What is p(4)?
112
Let l(m) = -m**3 - 10*m**2 - 3*m + 9. Let v(z) = -z**3 - 5*z**2 - 2*z + 5. Let f = 250 - 245. Let u(t) = f*v(t) - 3*l(t). Give u(3).
-14
Suppose 7*n - 6*n + 349 = 5*k, 0 = -5*k - 4*n + 329. Let g = k + -62. Let a(i) = 9 - g - 8 - 2*i. Calculate a(-4).
2
Let s(a) = a**3 - 4*a**2 - 5*a + 6. Let f = 78 + -78. Suppose -15 = -3*r - f*r. Give s(r).
6
Let k(f) = -f**3 - 5*f**2 + 12*f + 15. Let n(g) = 3*g - 3. Let t(m) = 14*m - 13. Let z(p) = -9*n(p) + 2*t(p). Let j(a) = k(a) - 6*z(a). Calculate j(-6).
9
Let g(a) = -a**2 - 22*a - 23. Let d be -3 - (0 - -2) - (4 - 15). Suppose 42 = d*k - 8*k. What is g(k)?
-2
Let s(z) = 3*z**2 + 1. Let v(u) be the first derivative of -1/2*u**2 - 15 - 13*u. Let w be v(-12). Determine s(w).
4
Let p(u) = 4*u - 64 + 59 - 4*u - 2*u + u. What is p(3)?
-8
Let a be 149 + (-32)/(-8) + 4. Let g(c) = 78*c**2 - 2*c + 0 - a*c**2 + 80*c**2 - 2*c**3 + 1. What is g(1)?
-2
Let j(z) be the third derivative of -z**6/120 - 17*z**5/60 + z**4/6 + 10*z**3 + 831*z**2. Ca